{"id":7,"date":"2015-01-19T10:16:14","date_gmt":"2015-01-19T10:16:14","guid":{"rendered":"http:\/\/neigierisch.de\/anzeigen\/?page_id=7"},"modified":"2020-01-21T08:57:50","modified_gmt":"2020-01-21T08:57:50","slug":"anzeigen","status":"publish","type":"page","link":"https:\/\/neigierisch.de\/anzeigen\/anzeigen\/","title":{"rendered":"Infos f\u00fcr Anzeigen-Benutzer"},"content":{"rendered":"<p><strong>In diesem Bereich k\u00f6nnen Benutzer aus der ganzen Region private oder gewerbliche Anzeigen schalten.<\/strong><\/p>\n<p><strong>neigierisch<\/strong> ist eine Internetzeitung und damit nur bez\u00fcglich der Inhalte mit einer normalen Zeitung aus Papier vergleichbar. Bereiche bzw. Verbreitungsgebiete gibt es im Internet nicht. Meine Klassenkameradin, die seit fast 60 Jahren in LA lebt, kann, weil sie einen Internetanschluss hat, in <b>neigierisch<\/b> nachsehen, was in der alten Heimat so los ist! Entstanden ist es in Sien, meinem Wohnort, der in der Schnittstelle von den drei Landkreisen BIR, KH und KUS liegt. Hier sto\u00dfen vier Verbandsgemeinden aneinander, Verbreitungsgebiete von drei Zeitungen und Verkehrsnetze von zwei \u00d6PNV &#8211; Regionen.<br \/>\nUnterschiede, sogar gro\u00dfe, gibt es bei den Gestaltungsm\u00f6glichkeiten. Die werden Sie bei der Nutzung von <strong>neigierisch<\/strong>, beim Lesen und Posten kennen lernen.<br \/>\nEinige Beispiele:<\/p>\n<ul>\n<li>Es gibt keine Fehldrucke, die eingestampft werden m\u00fcssen. Kein fehlerhaftes &#8222;Plakat&#8220; in <strong>neigierisch<\/strong> muss neu gedruckt werden. Sie k\u00f6nnen sich als Benutzer jederzeit einloggen und Ihre Beitr\u00e4ge\/Artikel \u00fcberarbeiten.<\/li>\n<li>In einer Zeitung sind die Beitr\u00e4ge\/Artikel nach Sachgebieten (Politik, Wirtschaft, Sport, &#8230;), meist seitenweise sortiert. Der Autor in <strong>neigierisch<\/strong> ist aufgefordert seine Beitr\u00e4ge zu kategorisieren. Wenn Sie <strong>neigierisch<\/strong>-Anzeigen besuchen, finden Sie in der rechten Spalte neben den Anzeigen die den Artikeln\/Anzeigen bisher zugeteilten Kategorien. Probieren Sie es durch Anklicken aus!<\/li>\n<li>Alle Beitr\u00e4ge in <strong>neigierisch<\/strong> &#8211; auch die in <strong>neigierisch<\/strong>-Anzeigen &#8211; sind nach Datum sortiert; die neuesten oben! Durch Anklicken einer favorisierten Kategorie, werden Ihnen &#8222;Lieblingsveranstaltungen&#8220; mit \u00dcberschrift und auf 25 Zeichen gek\u00fcrztem Text angezeigt. Ein eventuelles Bild wird verkleinert und rundum beschnitten angezeigt. Durch Anklicken einer \u00dcberschrift wird Ihnen die so ausgew\u00e4hlte Anzeige allein gestellt und mit unbeschnittenem, verkleinerten Bild und gesamten Text gezeigt. Durch Anklicken des Bildes wird es vergr\u00f6\u00dfert im neuen Tab dargestellt. Zur\u00fcck auf alle Anzeigen kommt man durch Anklicken von &#8222;Anzeigen&#8220; im Men\u00fc bzw. bei den Kategorien.<\/li>\n<\/ul>\n<p>Die Vorank\u00fcndigungen von Veranstaltungen sollen bei den Anzeigen erscheinen. Berichte \u00fcber\/von Veranstaltungen\/Events\/Ereignissen erscheinen dagegen unter &#8222;Regionales&#8220; bzw. &#8222;Lokales&#8220;. Dort sollten die (\u00fcber-)regionalen bzw lokalen Nachrichten (Dorfnachrichten) gepostet sein; ebenfalls kategorisiert, \u00e4hnlich den Anzeigen.<\/p>\n<p>Ein Benutzer hat eine von f\u00fcnf vordefinierten Rollen, welche durch den Administrator mit entsprechenden Rechten vergeben werden k\u00f6nnen: Administrator, Redakteur, Autor, Mitarbeiter, Abonnent. Benutzer, die keine Administrator-Rolle haben, sehen, je nach Benutzerrolle, nicht alle Einstellungen, Optionen etc. Die wenigsten Rechte hat der Abonnent; er kann die &#8222;Zeitung&#8220; nur lesen. Die meisten Rechte hat der Administrator. Da neigierisch von mir als Multisite installiert wurde, kann die Administratorrolle einem Benutzer auch f\u00fcr einzelne Seite(n) zugeordnet werden.<\/p>\n","protected":false},"excerpt":{"rendered":"<p>In diesem Bereich k\u00f6nnen Benutzer aus der ganzen Region private oder gewerbliche Anzeigen schalten. neigierisch ist eine Internetzeitung und damit nur bez\u00fcglich der Inhalte mit [&hellip;]<\/p>\n","protected":false},"author":1,"featured_media":0,"parent":0,"menu_order":0,"comment_status":"closed","ping_status":"closed","template":"","meta":{"footnotes":""},"class_list":["post-7","page","type-page","status-publish","hentry","has_no_thumb"],"_links":{"self":[{"href":"https:\/\/neigierisch.de\/anzeigen\/wp-json\/wp\/v2\/pages\/7","targetHints":{"allow":["GET"]}}],"collection":[{"href":"https:\/\/neigierisch.de\/anzeigen\/wp-json\/wp\/v2\/pages"}],"about":[{"href":"https:\/\/neigierisch.de\/anzeigen\/wp-json\/wp\/v2\/types\/page"}],"author":[{"embeddable":true,"href":"https:\/\/neigierisch.de\/anzeigen\/wp-json\/wp\/v2\/users\/1"}],"replies":[{"embeddable":true,"href":"https:\/\/neigierisch.de\/anzeigen\/wp-json\/wp\/v2\/comments?post=7"}],"version-history":[{"count":7,"href":"https:\/\/neigierisch.de\/anzeigen\/wp-json\/wp\/v2\/pages\/7\/revisions"}],"predecessor-version":[{"id":856,"href":"https:\/\/neigierisch.de\/anzeigen\/wp-json\/wp\/v2\/pages\/7\/revisions\/856"}],"wp:attachment":[{"href":"https:\/\/neigierisch.de\/anzeigen\/wp-json\/wp\/v2\/media?parent=7"}],"curies":[{"name":"wp","href":"https:\/\/api.w.org\/{rel}","templated":true}]}}